f (-2 + (4 - -1) - 1) + 0?
2
3 - 0 - (1 - (1 - 2))
1
What is the value of 0 + (9 - (3 - 2)) + 2?
10
4 + (-36 - -37 - (11 + -2))
-4
What is the value of 3 - 0 - 5 - -5?
3
(-2 - 2 - (9 + -7)) + 14
8
Evaluate 0 + (-5 - (-7 + -1)).
3
Evaluate 0 + 0 + -3 + 3.
0
-2 + 10 + -3 + -9 - 1
-5
(-11 - -6) + 11 - (2 - 1)
5
Calculate -1 + -2 - (-2 + 4).
-5
What is -1 + 4 + 0 - (15 - 5)?
-7
Calculate -5 + (-5 - -5) + -1 + 3.
-3
What is the value of -1 + -8 + 15 + -12?
-6
Calculate -3 - (2 + -5 - 1).
1
What is -1 + 10 + (3 - 11)?
1
-5 + (-3 - -1) + 7 + -5
-5
Evaluate (-3 - (-3 - (2 + -4))) + 2.
0
What is 3 - 5 - 0 - (0 - 0)?
-2
What is the value of (-3 - (2 - 11)) + (-5 - 2)?
-1
11 + 0 + (-3 - (19 + -18))
7
Calculate (-78 - -83) + -10 + 0.
-5
What is the value of 1 + -4 - (-36 + 29)?
4
What is 9 + 7 + -13 + -8?
-5
What is the value of -9 + (-4 - -3) + 3?
-7
(-1 - 4) + -62 + 64 + 1
-2
Evaluate 0 - -2 - (-7 - (-6 - 0)).
3
-2 + (-2 + -1 - -7)
2
Calculate 9 + -10 + (-1 - 0).
-2
Calculate -4 + 4 - 3 - 0.
-3
What is the value of -3 + 2 - (-1 - 4)?
4
Calculate 7 + -1 + -2 + (-2 - -3).
5
(-4 - (-2 + 0) - 1) + 2
-1
What is 124 + -117 - (1 - (-16 + -1))?
-11
Evaluate (20 + -24 - (0 + 1)) + 9.
4
-3 + (0 - 1) + (2 - 2)
-4
Calculate (6 - 1) + -12 + 7.
0
Calculate 14 + -16 + 0 + -3.
-5
What is -1 - ((3 - (1 + -1)) + -1)?
-3
Calculate (0 - 0 - 4) + -1.
-5
(2 - 3) + 4 + 1
4
What is -1 + 0 + (3 - (1 - -5))?
-4
What is the value of -1 - 3 - (-8 + 3)?
1
What is the value of 13 + -3 + (2 - (14 - 4))?
2
What is the value of 15 + (-2 - 1) + -5 - 3?
4
Calculate (-8 - -7) + 2 + -1.
0
What is 2 - (3 - -1) - (0 + 1)?
-3
What is the value of 0 - (1 + 0) - (347 - 341)?
-7
Calculate -36 + 48 - (7 - -1) - 0.
4
What is (-2 - (8 - 9)) + (2 - 0)?
1
Calculate -11 - 1 - (-1 + -9).
-2
What is -2 + -4 - (19 - 16)?
-9
What is 0 - (-4 - -3) - -4?
5
-3 + 0 - (4 + -3) - -3
-1
Evaluate 3 + -5 - (-2 + 2).
-2
Calculate 10 + 7 + 9 + -23.
3
Calculate 6 + 2 + -3 - 4.
1
What is -5 + -5 + (3 - 1) + 2?
-6
What is the value of (-20 - (7 + -12)) + 5 + 6?
-4
Calculate -11 - -6 - -1 - (-1 - -5).
-8
Calculate (-10 + 11 - (8 - 2)) + 12.
7
What is the value of 3 + -1 - 2 - (-2 - -2)?
0
Evaluate -6 - (2 - 4) - -3.
-1
What is the value of 0 + -2 + -5 - -3?
-4
-5 - (3 + (-1 - -9) + -14)
-2
What is (-2 - (-3 - 3)) + -11?
-7
Evaluate -1 + 8 + -92 + 77.
-8
Evaluate (-1 - -7) + (7 - 8).
5
What is the value of 10 - 1 - ((-22 - 5) + 25)?
11
What is -5 + 3 - (-1 - -4)?
-5
What is -6 - (-3 - -4) - -12?
5
Calculate 12 + -7 - (1 - 0 - -5).
-1
What is (-15 - -28) + 1 + -6?
8
What is 0 + -4 - (4 + 6 + -9)?
-5
What is the value of 2 - (-4 - 1) - 5?
2
What is 7 - 3 - (4 + -1 + 0)?
1
Evaluate 4 - (-6 - (-2 + 0 + -4)).
4
What is -4 + 9 - (0 - 0)?
5
Calculate 0 + -1 + 9 + -4.
4
(-3 - -1) + 6 + -1
3
(12 - 8) + -3 - -3
4
Calculate 4 + -2 - (5 + -6).
3
Calculate 6 - 10 - -7 - (8 + 0).
-5
Calculate 11 + -1 - (-7 - 0 - -10).
7
Calculate (1 - -2) + -8 - (-11 - -11).
-5
What is the value of 5 - (6 + -3) - (7 - 4)?
-1
-2 + 1 + 5 + -2
2
Evaluate (1 - -4) + (-10 - -6).
1
(-2 - (-2 - -1)) + 1
0
What is the value of -7 - (-7 - 0) - 0?
0
Evaluate 5 + (-2 - (5 + -5)).
3
Calculate 5 + 0 - (4 + -13 - -10).
4
Calculate -8 - (-2 - 3 - 7 - -7).
-3
What is 13 - (-20 - -6 - -23)?
4
What is 0 - 2 - 0 - (91 + -88)?
-5
Evaluate -5 - (-4 - 3) - -3.
5
(5 - 2 - 2) + 0
1
What is the value of 11 + -3 + -4 - 3?
1
What is the value of -12 + 22 + -3 - (0 + 6)?
1
Evaluate -9 + 2 + 2 - -3.
-2
Calculate 11 + 0 + -11 - -1.
1
2 - 7 - -13 - 13
-5
6 + -6 + -5 - -6
1
Evaluate -5 + (14 + -10 - (2 + 1)).
-4
What is the value of 0 + -2 + 2 - -2?
2
Calculate -5 + -4 + 8 + 7 + 2.
8
What is -4 - 0 - (11 + (10 - 17))?
-8
(2 - (1 - 2)) + -2 + 3
4
What is 1 - ((-8 - -4) + 8 + -1)?
-2
Calculate (-7 - -3) + -7 + 7.
-4
Evaluate -2 + -3 + 16 + -2.
9
Evaluate 7 + 0 + -5 + 8 + -4.
6
What is the value of 2 + 6 - -3 - (2 + 6)?
3
Calculate (6 - 14) + 18 + -12.
-2
(1 + 4 - 6) + (-1 - 4)
-6
Calculate -2 + -1 + (-1 - -1) + 9.
6
What is 8 + (0 - (9 - 7))?
6
Evaluate -2 + 0 + -3 + 5.
0
What is the value of -2 + 3 + -2 - (-12 - -9)?
2
Evaluate (2 - (1 + -2)) + 22 + -20.
5
Calculate 9 + -11 + (8 - 0) + -2.
4
12 - 13 - (2 + (-2 - 0))
-1
3 - (-4 + (5 - -7) + -4)
-1
(2 - 10) + (5 - 0)
-3
What is 0 - (8 + -2) - (4 + -14)?
4
Evaluate 4 + -10 + (-2 - -3).
-5
Evaluate -7 + (-2 - (-1 - 4)).
-4
-10 + 12 + 1 + (0 - 0)
3
Evaluate 0 + -1 - (0 + 4).
-5
What is 4 + (-3 - 14) + 9?
-4
Calculate 1 + 0 + (31 - 35).
-3
What is 1 - -5 - (5 + 17 - 16)?
0
What is the value of 3 + 2 + -4 - 1?
0
Calculate -2 + (10 - 6) + 0.
2
4 - (4 + 2) - (0 - 7)
5
What is (6 - 3) + (-11 - -5) + 1?
-2
-5 - -12 - (-5 + 15)
-3
Evaluate 0 - (0 - 1) - -1 - 2.
0
Calculate 4 + 7 + -2 + -6.
3
-9 + (-7 - (-17 + 4)) + -1
-4
-1 + -17 + 11 + (4 - 0)
-3
Calculate 2 + (2 - 8) + (14 - 20).
-10
Evaluate (4 - 4 - -1 - -5) + -2.
4
Evaluate 182 + -174 - (1 + 9).
-2
What is the value of -3 + (2 - -5) - -1?
5
What is the value of -4 - (-1 + 5 - 6)?
-2
Calculate 0 - 1 - (1 + 1) - -1.
-2
What is the value of -2 + 0 + 4 - 4?
-2
-6 + (3 - 6) + 4
-5
Calculate (1 - (2 - 0)) + -3.
-4
What is the value of (-2 - (-3 - -2)) + 0?
-1
What is the value of 6 + (-4 - 0) - (1 - 2)?
3
Calculate (7 - (2 - -1) - 9) + 4.
-1
(3 - (3 - (2 + -1))) + -3
-2
(-1 - 10 - -5) + 4
-2
What is the value of 1 + 11 + -15 + 9?
6
Calculate (3 - 9) + 5 + (-3 - -7).
3
What is the value of 2 - -8 - 18 - -3?
-5
1 - (1 + (-8 - -7)) - 4
-3
What is the value of (8 - 7) + (-2 - -10) + -6?
3
4 + (-6 - 3) + 8
3
Evaluate (12 - 33) + 10 + 6 + -2.
-7
What is -8 + (20 - (23 + -13))?
2
What is the value of 2 + (-4 - -3) + -2 - -1?
0
What is the value of (-6 - (-5 + -8)) + (0 - 5)?
2
What is 0 - -1 - (20 + -23) - 2?
2
What is (-1 - -3) + (3 - (18 + -13))?
0
Calculate 0 - 6 - (18 - 22).
-2
What is the value of 3 + -6 + (1 - -3)?
1
Calculate (17 - 19) + (-3 - 0).
-5
What is -8 - (-1 + -3 + (2 - 4))?
-2
-8 + (-3 - (-2 + 5)) - -7
-7
Evaluate -31 + 19 + 13 + -1.
0
What is -6 - 6 - (-12 - -2)?
-2
Calculate 4 - (5 + (-5 - -4 - 5)).
5
What is the value of -12 + -2 + 11 + 6?
3
Calculate 3 - (-3 - -6) - (-1 - -4).
-3
(-2 - -2) + -12 + 5 + 4
-3
2 + 5 - 2 - 1
4
Calculate -3 + 2 + 1 + -2 - -5.
3
-7 + 9 + 2 + 1
5
What is the value of 3 + 0 + -4 - -5?
4
4 + 6 + -4 - 5 - -7
8
What is (55 - 63) + (0 - 1) + 5?
-4
What is the value of -6 - (-2 + 8 - 11)?
-1
What is -1 + (1 - -10) + 105 + -108?
7
What is 7 + -1 + (-4 - -1)?
3
What is the value of 1 + (-11 - -1) + (-64 - -68)?
-5
26 + 1 + -15 + -7
5
What is the value of (12 - 9) + (-6 - (-1 + -2))?
0
Calculate -4 + 4 + (9 + -5 - -1).
5
-6 + (7 - 4) - -4
1
What is -2 - -6 - (41 - 29)?
-8
What is the value of -27 + 25 - (-1 - -2)?
-3
What is -2 - (-2 + 4) - -6?
2
8 - (7 + -3) - 3
1
What is 1 + (0 - -1 - (-6 - -4))?
4
Calculate (4 - 3) + -4 - (-28 - -23).
2
What is the value of -3 + 1 + -3 + 3 + -1?
-3
5 + -19 + (-1 - -11)
-4
Calculate -7 + (0 - -3) - -6.
2
Evaluate (4 - 12) + (18 - 8).
2
Evaluate (2 + -1 - 1) + -4.
-4
Calculate (-3 - (2 - 5)) + 0.
0
What is 1 - (2 - 4 - -2)?
1
Evaluate (4 - -3) + -4 + 1.
4
Evaluate (-1 - 0 - (-1 + -2)) + -8.
-6
Evaluate (-12 - -1) + 24 + (-14 - 6).
-7
1 + 3 + (-4 - (-3 + 3))
0
Evaluate (-79 - -84) + (-7 - (-1 - -1)).
-2
What is the value of (-14 - (-15 + 8)) + 0 + 2?
-5
Calculate (5 - 5) + (-2 - 0 - -2).
0
What is the value of 12 - 14 - (2 + -2)?
-2
What is the value of -4 + 2 + -1 + -2?
-5
What is 2 + 3 + -6 - (2 + 1)?
-4
What is -4 + 4 + (-4 - 0)?
-4
Calculate 1 + 2 + -2 + -2 - 3.
-4
Calculate -17 + 10 + 3 + -5 - -4.
-5
Evaluate 4 + -1 - (-8 + 9).
2
-1 + (-8 - (-11 - 6)) - 1
7
What is -36 - -38 - (-1 + 7)?
-4
Evaluate (-6 - -1) + -71 + 76.
0
What is the value of (-1 - -1) + -4 + 1?
-3
Calculate -10 + (-2 - -14) + -6 + 1.
-3
What is 13 + -4 + -8 - (6 + 1)?
-6
Evaluate (-6 - -3) + 6 + 1.
4
Evaluate 10 + -17 - (-4 - -1).
-4
-3 + (1 - -7) - 2 - 6
-3
Calculate (6 - 9) + 3 - -1 - -8.
9
What is the value of 5 + 1 + -1 - 3?
2
4 - (-4 - (-1 + -4))
3
Evaluate 3 - (-12 - -8 - -10).
-3
Evaluate -4 - (-5 - (-1 + -3)).
-3
Calculate 3 - ((1 - 6) + 0).
8
What is the value of 4 + -1 + -3 + (-5 - -11)?
6
Evaluate 6 - 3 - 12 - (-1 - 3).
-5
-8 - 0 - (-28 + 25)
-5
6 + -4 + 6 + -4
4
(2 - 2) + 3 - (-77 - -81)
-1
What is the value of 4 - (4 + (13 - 5))?
-8
-5 + 10 +